{"id":13959,"date":"2026-04-20T15:47:32","date_gmt":"2026-04-20T13:47:32","guid":{"rendered":"https:\/\/www.protestantsmulhouse.fr\/events\/bible-culture-et-confiture-saint-marc-2"},"modified":"2026-04-20T15:47:32","modified_gmt":"2026-04-20T13:47:32","slug":"bible-culture-et-confiture-saint-marc-2","status":"publish","type":"ajde_events","link":"https:\/\/www.protestantsmulhouse.fr\/de\/events\/bible-culture-et-confiture-saint-marc-2","title":{"rendered":"Bible, culture et confiture (Saint Marc)"},"content":{"rendered":"<p>Rencontres alternativement \u00e0 Saint-Marc et Illzach<br \/>\nLe premier lundi du mois \u00e0 18h30<\/p>\n<p>Un groupe qui se retrouve pour \u00e9changer autour de th\u00e8mes bibliques ou de culture religieuse (comme : qu&#8217;est-ce que l&#8217;\u00e2me, J\u00e9sus dans l&#8217;Islam, pourquoi le christianisme ?) ou tout simplement discuter le texte de la pr\u00e9dication du dimanche suivant<\/p>\n<p>Sujet : \u00e0 d\u00e9finir<\/p>","protected":false},"author":2,"featured_media":0,"menu_order":0,"comment_status":"open","ping_status":"closed","template":"","meta":[],"tags":[],"event_type":[],"event_type_2":[],"class_list":["post-13959","ajde_events","type-ajde_events","status-publish","hentry","event_location-chapelle-reformee-saint-marc25-rue-des-romains-68200-mulhouse-france"],"meta_box":[],"_links":{"self":[{"href":"https:\/\/www.protestantsmulhouse.fr\/de\/wp-json\/wp\/v2\/ajde_events\/13959","targetHints":{"allow":["GET"]}}],"collection":[{"href":"https:\/\/www.protestantsmulhouse.fr\/de\/wp-json\/wp\/v2\/ajde_events"}],"about":[{"href":"https:\/\/www.protestantsmulhouse.fr\/de\/wp-json\/wp\/v2\/types\/ajde_events"}],"author":[{"embeddable":true,"href":"https:\/\/www.protestantsmulhouse.fr\/de\/wp-json\/wp\/v2\/users\/2"}],"replies":[{"embeddable":true,"href":"https:\/\/www.protestantsmulhouse.fr\/de\/wp-json\/wp\/v2\/comments?post=13959"}],"wp:attachment":[{"href":"https:\/\/www.protestantsmulhouse.fr\/de\/wp-json\/wp\/v2\/media?parent=13959"}],"wp:term":[{"taxonomy":"post_tag","embeddable":true,"href":"https:\/\/www.protestantsmulhouse.fr\/de\/wp-json\/wp\/v2\/tags?post=13959"},{"taxonomy":"event_type","embeddable":true,"href":"https:\/\/www.protestantsmulhouse.fr\/de\/wp-json\/wp\/v2\/event_type?post=13959"},{"taxonomy":"event_type_2","embeddable":true,"href":"https:\/\/www.protestantsmulhouse.fr\/de\/wp-json\/wp\/v2\/event_type_2?post=13959"}],"curies":[{"name":"wp","href":"https:\/\/api.w.org\/{rel}","templated":true}]}}

<p>Rencontres alternativement à Saint-Marc et Illzach<br />
Le premier lundi du mois à 18h30</p>
<p>Un groupe qui se retrouve pour échanger autour de thèmes bibliques ou de culture religieuse (comme : qu&#8217;est-ce que l&#8217;âme, Jésus dans l&#8217;Islam, pourquoi le christianisme ?) ou tout simplement discuter le texte de la prédication du dimanche suivant</p>
<p>Sujet : à définir</p>
